Calculate -80 + (-84 + 92 - -70).
-2
Evaluate (-14 + -1 - 1) + (-139 - (40 - 242)).
47
What is the value of 220 - 185 - (69 + -2)?
-32
-1 + 0 + -1 + (59461 - 59391)
68
What is -7 + -14 + 201 + -131?
49
What is 29 + -171 - (-84 + 7)?
-65
What is the value of 9 - 192 - (81 + -162)?
-102
What is 3 + -6 + 4 + -8 - (-28 + 24 - 114)?
111
Evaluate (-12 - -86) + (35 - (71 + -61)).
99
Evaluate 34 + -53 + -52 - -57.
-14
Calculate (46 - 22) + -28 + (0 + 1 - -44) - 8.
33
What is the value of (-5 - (1 + -8) - (-10 + 4 + -1)) + -3?
6
What is the value of 21 - (99 - (164 - 189))?
-103
What is 97 + -25 - (3 + -7) - (21 + (-1 - 10))?
66
Calculate 10 + 2 + -6 - 3 - (7 - -1 - -2).
-7
Evaluate (98 - 27) + -36 + -28.
7
4 + -311 + 308 + (-1 - -14) + (0 - 19)
-5
Evaluate -103 + 9 - (-108 + 82 - 6).
-62
Calculate -72 - (-127 - (-21 - -53)).
87
What is 26 + -16 - (-14 + 11 - -27 - 0)?
-14
What is the value of -2 + (46 - 0) + -293 + 360?
111
(-247 - -131 - -124) + (49 - (3 + -3))
57
Evaluate 44 - ((-11 - (9 - 16)) + 33).
15
What is the value of (4 - -159 - 6) + -53 + 110 + -82?
132
Calculate -31 + 1 + (-31 - (-8 - 23)).
-30
What is the value of 41 + (-2 - -2) + -9 + 1 + -1 + -5?
27
What is the value of 46 - (21 - -4) - (11 + -1 + 4)?
7
Calculate 126 - (19 + 76 + -102).
133
Evaluate -37 - (13 - (3 + 49) - -4).
-2
Evaluate 8 - (26 - 30) - (-3 - (0 - 6)).
9
4 + (-1 - 48) + (16 - (14 - -3)) + -2
-48
4 + -9 + 4 + -2 + -7 + 28
18
Calculate -37 + (233 - 52) - 194.
-50
What is the value of -16 + 0 + (-989 + 987 - (-1 - -103))?
-120
Calculate -12 - 3 - (0 - -81 - (-71 - -100 - 31)).
-98
What is the value of 26 + -6 + -17 + (-1 - (20 + -1))?
-17
What is (3 + 4 + -8 - (0 - 9)) + (29 - 32)?
5
Evaluate -70 - -41 - (-51 - (5 - 3)).
24
Evaluate (4 - 0) + 1162 + -1215 - (1 + -15).
-35
Calculate 0 - (2 - 1 - 3) - (18 + -24).
8
-7 + 3 + -2 + 10 + 0 + 39
43
What is 12 + (44 - -7) - 55?
8
What is 43 + -16 - -16 - (-3 - -8)?
38
What is the value of 1736 + -1779 - ((-1 - 99) + 3)?
54
What is 0 + (23 - (37 + -22)) + (-28 - (-6 - -3))?
-17
What is -5 + (25 + 30 - (0 + -1 + 12))?
39
12 + -16 - -12 - 21 - 28
-41
(-10 - -3) + -1 + -70 - (2 - 3 - 9)
-68
Calculate -196 + 223 + (-21 - -3) - (-39 + 1 + 2).
45
0 + 33 - (45 + 17 + -19 + -45)
35
What is 17 - 22 - 1 - (-20 + (-2 - -8)) - 95?
-87
What is the value of 3 + 13 - (-489 - -485)?
20
What is -100 + (58 - -17) + -54?
-79
Evaluate 1673 + -1635 + (2 - 111) - 1.
-72
-26 + -18 + 0 + (-1090 - -1107)
-27
What is the value of (-20 - -288) + -685 + 543?
126
What is 17 - (-5 + (-5 - -2 - 6) + 7)?
24
462 + -527 + (8 - (6 + (-6 - -3)))
-60
6 - 32 - (-2 + -6 + -7)
-11
What is (-64 - -70 - 95) + 58?
-31
What is -45 - ((8 - -1) + 20 + -52)?
-22
(-235 - 4) + 118 - -120
-1
What is the value of -8 + (9 - -3 - (9 - 9 - -17))?
-13
72 + 25 + -19 + 14 + (-7 - -3)
88
What is the value of -70 + -40 + 62 + 1?
-47
2 + 9 + -15 + -5 + 6 + -6 - -16
7
Evaluate -53 + -5 + 6 + -5 + (-30 - -31).
-56
What is the value of 1 - ((37 - (7 + 9) - 40) + -40)?
60
What is the value of (4 - 15) + (5 + -3 - -3 - 16)?
-22
What is the value of (11 - 0) + 2 + 32 + 48 + -66?
27
Evaluate 1 + 69 + -6 + 32 + -42.
54
Evaluate 6 + 1 + 24 + (101 - 32) + -84.
16
385 - 284 - (-21 + 70)
52
What is the value of -2 + -16 + 1 + (-47 - -47)?
-17
Calculate 139 - (107 + -63) - 14.
81
Evaluate 80 - 62 - 43 - (6 + -3 + -19) - -73.
64
18 + (-12 - -9) + -29 + 24
10
What is the value of 36 + -6 + 6 + -5 + 13 + -7?
37
What is (33 - -19 - 51) + -32?
-31
What is the value of -87 + (-98 - -289) - 196?
-92
What is -20 - (-2 + 11 - -1 - (129 - 107))?
-8
-2 + (-10 - 36) + 74 - -44
70
What is (2 - 71) + -11 + (-23 - -38) - (-3 + 11)?
-73
Evaluate 8 - 2 - (-30 - (0 - 4 - (30 - 37))).
39
Calculate 19 + (1 + 4 - (-1461 + 1443)).
42
-105 + 7 + -16 + 41
-73
Evaluate 6 + -1 + (-1 - 20) + 10 + -1.
-7
What is (-3 - (5 - 3)) + -12 + (5 - -7 - -1)?
-4
What is the value of 11228 + -11273 - (-2 - -45)?
-88
99 + (14 - 22) + 30 + -12
109
What is -65 + 337 + (56 - 206)?
122
What is (1 - (-3 - 3) - ((-5 - 23) + -28)) + -5?
58
What is the value of -36 - (-57 + 25) - 59?
-63
What is the value of -20 - (-54 - (-28 + 1 + 47))?
54
Calculate 5 - (7 - 7 - 60) - (6 + 2 + -5).
62
Evaluate (-6 - (0 - 1)) + (-13 - (-16 - -52)).
-54
13 - (8 - (7 + 6 + 0))
18
-21 + (134 - 141) - (-1 + -79)
52
-28 + 18 + (13 - -15) + 1
19
Calculate 177 + -48 + -30 - (-1 + -1 - -5) - -9.
105
What is the value of 1 + 126 + 1 - (-70142 + 70176)?
94
Evaluate ((-3 - 31) + 1 - (130 - 123)) + 13.
-27
What is (-28 - -4) + -66 + 186 + -24?
72
Evaluate 31 + (-10 - (5 + -15 - 23)).
54
Calculate 25 + (1 - 50) - (-21 - 13).
10
What is the value of 14 - (20 + (-8 - -5 - 12) - -9)?
0
What is (-7 + 4 + -7 + 4 - (-172 - -159)) + -5?
2
Calculate (-93 - -21 - -57) + 95.
80
Calculate 6 - (29 + -20) - (5 - -23) - (8 - -1).
-40
What is the value of (9 + -15 + 13 - 97) + (-4 - 22 - -11)?
-105
What is the value of 9 - -10 - (-56 + 111)?
-36
What is the value of (-8 - -15) + 6 - (32 - 62)?
43
What is (210 + 64 - 129) + -74?
71
Evaluate 0 + (-2 - -34) + -112 + (184 - 58).
46
Evaluate -36 + (-97 + 93 - (1 + -37)).
-4
(16 - (-5 + 9)) + (-18 - -33 - (-26 + -12))
65
What is 4 + -11 + 6 + 1 + (14 - 13)?
1
Evaluate (-4 - (5 - 4)) + 5 - (44 + -79 - 47).
82
What is (-103 - -207) + -78 + -7?
19
What is the value of 32 - (-42 + 64) - (2 + 41 + 3)?
-36
What is -202 + 155 - (0 + -26) - (-1 + -8)?
-12
What is the value of 16 - (-16 - 1 - (-117 - -96))?
12
Calculate -58 - -24 - (-50 + 18 + 16).
-18
What is 1 + -28 + -2 + 214 + -56?
129
Calculate -97 + -1 + (-6 - 3 - (-9 + 22 - 16)).
-104
What is the value of -47 + (2 - 16 - -42)?
-19
Calculate (-2 - -2 - -1) + 5022 + -5062.
-39
10 - (94 + -22 + 18 + -21)
-59
6 - (9 - (-4 - -24)) - (-30 - 21)
68
What is (-5 - 1) + (0 + 60 + -5 - (55 + -53))?
47
-61 + 8 - (981 + -1077)
43
Evaluate (-1056 - -987) + 45 + 1.
-23
Calculate 0 - 9 - 8 - (9 + -24 + 2 + 18).
-22
What is 6 - (11 - -6) - ((11 - (26 - 10)) + -9)?
3
-18 - (-19 - (-3 - 1) - -18)
-21
What is -41 - (13 + -26 + (10 + 0 - 8))?
-30
What is -47 + 115 + 14 + -52?
30
9 + -3 + -3 + (-1 + 24 - -60)
86
What is -88 + 54 + (22 - -58) + 19?
65
What is the value of -4 - (3 + (5 - 33 - -13) - -39)?
-31
What is -101 - (61 + -170) - (-2 + (1 - 15))?
24
-31 - (-24 - (-35 + 84))
42
(2 - -8) + (25 - (4 - (-11 + (2 - -6))))
28
Calculate ((20 - -28) + 6 - 38) + (8 - 0).
24
41 + (-75 - -13) + 88
67
-7 + -5 + (-12 - -19) + 4 + 6
5
(163 - -1) + (1669 - 1758)
75
15 + -33 + 5 + -17 + 26
-4
What is the value of (1 - 75) + (14 - (-7 - 17) - 32)?
-68
((-2 - 11) + 0 - (3 - 25)) + (-22 - -1)
-12
What is the value of (-9 - -6) + (322 - 309 - (-1 + 0)) + -77?
-66
What is 49 + (-148 - -78) + -58?
-79
What is the value of -4 + -4 - (-2 + -15 + 26 - 20) - -56?
59
What is the value of -17 + (8 + -8 + 36 - 6) + 12 + 0?
25
Calculate -13 + (70 - 148) + 138.
47
What is the value of 23 - (3 - (4 - 14) - (-8 + 19))?
21
-27 + 49 + -46 + 66
42
What is the value of (-22 - -39 - -62) + (10 - 28)?
61
What is -21 - ((27 - 4) + 16 + -65)?
5
-7 + 0 - (-37 + (-39 - -17 - -39))
13
Evaluate -781 - -716 - (-10 - ((-4 - -1) + 2)).
-56
What is the value of (-40 - (4 + -41) - 30) + -19 + -2?
-54
-4 + -60 + 13 + 21 + -2 + 1 + 6
-25
4 - ((-10 - -17 - 8) + -4) - 65
-56
Evaluate (31 - (5 + 12)) + -3 + 13.
24
Evaluate 27 - (49 - (0 + 36)).
14
Calculate -1 + (-2 - 3) - (-17 + -19 + (-17 - -41)).
6
What is 2 + (-254 - -325) + 13 + 2?
88
Evaluate -2 + -17 + -4 + -15 - -24.
-14
(-87 - -25 - -3) + 20 + (2 - 5)
-42
What is the value of (48 + -86 - -7) + 34?
3
Calculate -1 + (-45 - -29) + 25.
8
What is -1116 + 1162 - (52 - 0)?
-6
Calculate -52 + (16 - 0 - (344 - 295)).
-85
What is the value of -383 + 364 - (2 - -7)?
-28
Calculate -75 + 77 - (-36 - (5 - (3 + 9))).
31
Calculate 57 - 4 - (3 - (-1 + (-3 - (16 + -11)))).
41
-11 + -94 + 62 - -105
62
Evaluate -10 + 72 + -37 + 0.
25
Evaluate 8 - (-68 - -143) - -8.
-59
What is 51 + -93 + 58 + -14?
2
What is the value of (-76 - (9 + -55)) + 17?
-13
Calculate -2 + -6 + (1 - (-52 + 2) - -8 - 4).
47
What is 8 + -44 + 16 + 39?
19
-36 + 93 + -38 + -48 + -4
-33
What is the value of -10 + 14 + (7 + -4 + -75 - 7)?
-75
What is the value of (-10 - (2 - -2) - -11 - -11) + (1 - 60)?
-51
50 + 2 + (4 + -1 + (-4 - -6) - 9)
48
-13 + (16 - (15 